 m(-4). Suppose 0 = -0*x + r*x - 48. Let j be (-6)/3 - (-9 + -1 + 0). Calculate the greatest common divisor of j and x.
4
Suppose 0 = -2*a + j - 6*j + 70, 126 = 4*a + 3*j. What is the highest common factor of a and 10?
10
Suppose 5*v - b + 45 = -6*b, 4*b = 4*v + 28. Let m be (-26)/(-8) + (-6)/v. Calculate the highest common divisor of 32 and m.
4
Let b = -75 + 110. What is the highest common factor of b and 10?
5
Let j be -67 - ((-1 - 2) + 2). Let m = j + 126. Suppose 2*n + 2*s = 14, -2*s = -5*n + 3*s + 85. Calculate the greatest common factor of m and n.
12
Let f = 2 - -7. Calculate the greatest common factor of f and 1.
1
Let m(t) = t**3 + t**2 + 28. Let f be m(0). Calculate the highest common factor of 42 and f.
14
Suppose q + 2 = -4*i - 0*i, 2*i + 5*q - 8 = 0. Let j be 1*i*(-1 - 2). Let o(l) = -l + 3. Let x be o(0). Calculate the highest common divisor of j and x.
3
Suppose -3*g - 2*t + 499 = 2*t, 3*t - 168 = -g. Let v(f) = -f**3 - 5*f**2 - 3*f. Let b be v(-5). What is the greatest common factor of b and g?
15
Suppose -3*m + 4*m = 2*f - 12, 2*f + 2*m = 6. What is the greatest common divisor of f and 2?
1
Let f = -21 + 24. Suppose 0 = -8*s + f*s + 115. Calculate the highest common divisor of s and 23.
23
Let v(c) = 2*c + 62. Let u be v(-30). What is the greatest common factor of 14 and u?
2
Let l be 4/6*(-3042)/(-12). Let t = 274 - l. Let h(w) = -4*w - 9. Let g be h(-6). What is the greatest common divisor of t and g?
15
Let w(s) = 6*s - 1. Let d be w(6). Suppose -4*m = -12 - 4. Suppose -14 = -4*a - m*v + 2*v, 0 = -v - 3. What is the greatest common divisor of a and d?
5
Suppose -61 = 5*g - 241. What is the highest common factor of g and 12?
12
Let n = 130 + -98. Calculate the greatest common factor of n and 288.
32
Suppose 5*a + 25 = 0, 3*r + a + a + 364 = 0. Suppose -s - 84 = t, 0*t = -5*t + s - 414. Let v = t - r. Calculate the highest common factor of 7 and v.
7
Suppose 67 = 4*i - 109. Suppose -a + 31 = 2*z + 5, a = 3*z - i. Calculate the greatest common factor of 56 and z.
14
Let j(k) = 3*k - 2. Let p(z) = 4*z - 3. Let w(g) = -6*j(g) + 5*p(g). Suppose -s = 2*s - 15. Let r be w(s). Calculate the greatest common factor of 7 and r.
7
Let q(t) = 12*t**2 + 4*t - 5. Suppose 3*y - 5 = 4*y. Let b be q(y). Calculate the highest common factor of b and 25.
25
Suppose -5*c = 4*p - 8, 2*c + 2*p - 5 = p. Suppose -i + 4*i = -m + 20, m + 29 = c*i. Calculate the highest common factor of 21 and i.
7
Let z be (-360)/28*(-70)/15. Calculate the highest common factor of z and 15.
15
Suppose -a + 6*a = 105. Let k(n) = 3*n**2 + 11*n + 3. Let v be k(-9). Calculate the greatest common divisor of a and v.
21
Suppose -5*v = c - 1 - 8, 0 = 4*c + 5*v - 81. Suppose -3*j - 4*u = -u, 9 = -2*j - 5*u. Calculate the highest common divisor of j and c.
3
Let f(x) = -x**2 + 10*x - 7. Suppose 2*a - 17 + 5 = 0. Let l be f(a). Let s = l + 7. Calculate the highest common factor of s and 60.
12
Let h(d) = -d + 40. Let m be h(0). Calculate the greatest common divisor of m and 5.
5
Suppose 0 = -3*i + i + 100. Calculate the highest common factor of 25 and i.
25
Let p = 1385 + -450. Suppose 2*t = 7*t - p. Let q be (-16 - (-2)/(-2))/(-1). What is the highest common divisor of t and q?
17
Let x(b) be the first derivative of 1/2*b**2 - 2 + 8/3*b**3 + b. Let m be x(-1). What is the highest common factor of m and 1?
1
Let o(k) = -1 + 13 + 8 + 17 + k. Let a be o(-17). What is the highest common factor of a and 5?
5
Let u = 0 + 2. What is the greatest common factor of u and 22?
2
Let b be (12/(-9))/((-6)/(-9)). Let j(t) = 7*t**2 + t + 2. Let c be j(b). What is the highest common factor of 7 and c?
7
Let q be (-1 - -3) + 0/3. Let x be 2 + (-64)/(-4) + q. What is the highest common divisor of 40 and x?
20
Let b be (-50)/(-15)*2*3. Let n(x) = x - 4. Let v be n(6). Suppose -v*r - 2*r = -40. Calculate the greatest common factor of r and b.
10
Let l = 18 + 6. Let k be 44/8 - 1/2. Suppose 0*y - 2*y + 16 = -2*t, -2*t - 52 = -k*y. What is the highest common factor of l and y?
12
Suppose -2*j + 183 = 63. Suppose 5*p + 2*v + 1 = j, 4*p - 36 = 4*v. What is the greatest common divisor of 22 and p?
11
Let m be (-6)/15 - (1 + 17/(-5)). Calculate the highest common factor of m and 16.
2
Let d be (0/(3 - 1))/(-1). Suppose 3*m + s - 5*s - 46 = d, 36 = 4*m + s. What is the highest common factor of m and 30?
10
Let v = 2 - -3. Suppose 0*a + m = v*a - 855, 0 = -5*m. Calculate the highest common factor of 19 and a.
19
Suppose 3*r + 2*j - 44 = 0, r + 34 = 3*r - j. Calculate the highest common divisor of r and 8.
8
Let k(j) = -24*j - 9. Let p be k(-6). Calculate the greatest common divisor of 18 and p.
9
Let v = 20 + -12. Let n be v/(-6)*(-24)/16. What is the highest common divisor of n and 6?
2
Let d(l) = -4*l + 2. Let h be d(-2). What is the greatest common factor of h and 20?
10
Let n(r) = r**3 - 4*r**2 - 9*r + 1. Let t be n(6). Suppose o = -7*a + 3*a + 601, 0 = -o - 3. Let g be 1/3*3 + a. What is the greatest common factor of t and g?
19
Let k be 5/6*84/(-30)*-3. Suppose -x + 4*f + 10 = 5*f, -6 = -2*f. Calculate the greatest common divisor of k and x.
7
Let p(h) be the first derivative of h**4/4 - 2*h**3 - 2*h**2 - 3*h + 4. Let n be p(7). What is the highest common divisor of 72 and n?
18
Suppose 5*p = 5, f - 3*p = 20 + 13. Let z be (22/(-55))/(2/(-20)). What is the greatest common divisor of z and f?
4
Suppose 4*z + 9 = 7*z. Let f be -6*(5/z - 3). What is the greatest common divisor of f and 8?
8
Let r(h) = -5*h**3 - 2*h**2 - 3*h. Let u be r(-3). Calculate the greatest common factor of 63 and u.
63
Let h = -27 - -13. Let g be 10/(-35) - 340/h. What is the highest common divisor of g and 48?
24
Let n = 3 + -5. Let y(d) = 0 + 0*d + 3*d + 8*d**2 + 2. Let v be y(n). What is the highest common divisor of v and 14?
14
Let f = -4 + 10. What is the highest common factor of 3 and f?
3
Suppose 2*y = 3*w + 9, 3*w + 13 = -y + w. Let g be 8 - (0 + (y - -1)). What is the highest common divisor of g and 40?
10
Suppose 14 - 146 = -6*p. Calculate the greatest common divisor of 154 and p.
22
Let j = -5 - -9. Let t(q) = -q + 5. Let n be t(j). Suppose -2*w + 18 - 12 = 0. What is the greatest common factor of w and n?
1
Let y = 11 + -18. Let s = 5 - y. What is the greatest common divisor of 96 and s?
12
Let t = -8 - -20. Let a = -1 - -8. Suppose -420 = -a*x + 2*x. What is the highest common factor of x and t?
12
Let h be 2/7 + (-152)/(-7). Suppose 2*k - 4 = -0. Let o be (1/k)/((-4)/(-16)). What is the greatest common divisor of h and o?
2
Let d(v) = 10*v**2 - v + 1. Suppose l - 4*l + 9 = 0. Suppose 7*s - 4*s = l*m, -5*m = -5. Let t be d(s). Calculate the greatest common factor of t and 70.
10
Let g = -5 - -10. Suppose 5*b - 21 + 6 = 0. Suppose -b*s - 2*t = -4*t - 31, 2*s = -g*t - 11. What is the greatest common factor of 77 and s?
7
Let u(x) = -x + 5. Let z be u(5). Suppose z = -3*o + 25 + 11. What is the greatest common factor of 96 and o?
12
Let i(c) = -3*c + 65*c**2 + 3*c. Let y be i(1). Suppose -2*t = 3*v - 4*v - 56, v = -t + 22. What is the greatest common divisor of t and y?
13
Suppose 5*p - p = 48. Let a = p + -10. Calculate the greatest common divisor of a and 4.
2
Suppose 0 = 6*c - 2*c - 1008. Suppose 0 = 4*o - 0*o - c. Suppose -b = -2*b + 9. What is the highest common divisor of o and b?
9
Suppose -4*z + 4 = -0*z. Let f = 21 - z. What is the highest common divisor of 4 and f?
4
Let i be 6 + -4 + 1 + 1. Calculate the highest common factor of 4 and i.
4
Let q(l) = l + 19. Let t be q(-10). Suppose 12*k + t = 13*k. What is the greatest common divisor of 6 and k?
3
Let n(i) = 2*i**2 - 14*i + 19. Let m be n(13). Calculate the highest common divisor of 50 and m.
25
Suppose -4*s + 3*o = -7 - 1, 5*o - 8 = -4*s. Suppose s*v - 7*v + 15 = 0, 115 = 4*i + v. What is the highest common divisor of 14 and i?
14
Let v be (-114)/(-15) - (-6)/15. Suppose -v*x + 5*x + 12 = 0. What is the highest common divisor of x and 1?
1
Let r be (-42)/(-2) + 0 - 0. Let t = r + 9. Let k be ((-2)/4)/((-3)/72). What is the highest common factor of k and t?
6
Suppose 0 = 3*u - 83 + 5. What is the greatest common divisor of u and 39?
13
Let b(v) = -6*v - 9. Let r be b(-7). Let k be 555/r - 4/(-22). Calculate the greatest common divisor of 85 and k.
17
